 4*x. What is the hundreds digit of q?
2
Suppose 16*d - 6*d + 31*d - 1030125 = 0. What is the tens digit of d?
2
Let k(n) = n**3 - 7*n**2 + 14*n + 4. Let g be k(6). Suppose -7*m - 179 = -711. Let f = g + m. What is the tens digit of f?
2
Let b(o) = 2592*o - 3028. What is the thousands digit of b(25)?
1
Let v(a) = -526*a + 748. What is the ten thousands digit of v(-55)?
2
Let d be 542/6 + 19/(-3) + 8. Let x = d - -107. What is the tens digit of x?
9
Suppose -5*h + 543 = -1192. Suppose 3*t = 1427 - h. What is the tens digit of t?
6
Suppose -q + 19*m + 273 = 16*m, -2*q = m - 525. What is the units digit of q?
4
Let v(r) = 51*r + 24*r**2 + 233 - 25*r**2 - 82*r. What is the hundreds digit of v(-29)?
2
Let b be -31*(2 - 0)/(-2). Let f = 3166 - 3162. Suppose -b = f*c - 191. What is the units digit of c?
0
Let r(o) = 7756*o**2 - 19*o - 20. What is the thousands digit of r(-1)?
7
Suppose 4*m = -m + n - 21, 0 = -m - 5*n - 25. What is the units digit of 915/10 + (25/(-10))/m?
2
Suppose -2*j + 5529 = 3*a, 3*j - 377*a - 8316 = -379*a. What is the hundreds digit of j?
7
Suppose 706*j = 702*j + 1712. Suppose 0 = j*o - 417*o - 4455. What is the hundreds digit of o?
4
What is the units digit of 15932/56*(65 + -7)?
1
Let b = -1100 + 5965. What is the tens digit of b?
6
Let z(a) = -a**2 + 67*a + 1709. What is the units digit of z(45)?
9
Let q = 35 - -104. Let c(u) = 3*u**3 - 3*u + 134 - q + 6*u - 2*u**3. What is the units digit of c(2)?
9
Let k = -9742 - -16054. What is the tens digit of k?
1
Let x(p) = -965*p**3 + 8*p**2 - p - 4. What is the thousands digit of x(-2)?
7
Let y(k) = 3379*k**2 - 2*k + 1. What is the tens digit of y(2)?
1
Let t(u) = -7*u - 333. Let z be t(-47). Let i(p) be the first derivative of -21*p**2/2 + 2*p + 2. What is the units digit of i(z)?
6
Let y(d) = d**3 + 44*d**2 - 104*d + 193. What is the ten thousands digit of y(-40)?
1
Let m be 0*(6/4)/(24/16). Suppose 0 = -0*b + 2*b. Suppose m = -4*f - b*f, f + 112 = 2*i. What is the units digit of i?
6
Let x(l) = -1 + 34*l**3 + 39*l**3 - 91*l - 5*l**2 - 72*l**3 + 26*l. What is the tens digit of x(15)?
7
Let j(i) = i**3 + 10*i**2 + 7*i + 13. Let k be j(-9). Let q be (2 + -3)/((-10)/40) + 3. Let r = q + k. What is the tens digit of r?
3
Suppose -8*m + 5*m = -2*v + 4, 5*v + 3*m - 31 = 0. Suppose x - 5*z - 339 = 0, v*x - 3*z = 4*x + 339. What is the hundreds digit of x?
3
Let z = 8 - 15. What is the hundreds digit of ((-12)/z)/(4/658) + 3?
2
Suppose 0 = -i + 14*i - 2119. Suppose -161*z + i*z = 586. What is the hundreds digit of z?
2
Suppose -9*t = -0*t + 9. What is the tens digit of 6/t - 121/(-1)?
1
Let k(v) = 85*v**3 + 3*v - 5. Suppose -4*g = 84 - 92. What is the hundreds digit of k(g)?
6
Suppose 2*l = -4*z + 61302, -19*l + 21*l - 76626 = -5*z. What is the units digit of z?
4
Let r(x) = -4*x**2 + 29 + 0 - 128*x + 3 + x**2 + 40. What is the units digit of r(-39)?
1
Let a = -215 - -220. Suppose 5*s = -5*y + 1255, 4 = -a*y - 1. What is the units digit of s?
2
Let p = 25 - 45. Let c = p - -32. What is the units digit of ((-50)/30)/(10/c + -1)?
0
Let j = 5540 - -15269. What is the thousands digit of j?
0
Suppose -4*x + 4*b = -57268, -3*b - 85887 = -560*x + 554*x. What is the ten thousands digit of x?
1
Let n = 23 - 23. Suppose 6*p - 9*p + 9 = n. Suppose -4*w = -h - h + 448, 0 = -h + p*w + 226. What is the units digit of h?
0
Let n = -25341 - -62006. What is the thousands digit of n?
6
Let g = -229 - -512. Let y = g - 129. What is the hundreds digit of y?
1
What is the hundreds digit of (1/((-120)/74856))/(-2 + 9/5)?
1
Let y = 323 - 319. Suppose -2*o + 3772 = y*d, -d - 3788 = -5*d + 2*o. What is the tens digit of d?
4
Suppose 4233 = v - 371. What is the tens digit of v?
0
Suppose 0 = -t - l + 668, 1336 = 2*t - 13*l + 8*l. Let r = 1491 - t. What is the units digit of r?
3
Suppose -15*t + 9*t = -12. Suppose -9*l = 142 + t. Let u = 35 + l. What is the tens digit of u?
1
Suppose 4*r - 16 = 4*x - 4, -r - x - 7 = 0. What is the tens digit of (15 - 18)/(r/90)?
3
Let r = 403 - 401. Let z(h) = 2 + 9 + 11*h - 1 + 1. What is the units digit of z(r)?
3
Suppose -40*d + 4 = -44*d. Let f be d + (36/(-45))/((-2)/155). Suppose -f*w = -64*w + 537. What is the hundreds digit of w?
1
Let w(q) = 43*q + 13. Suppose 0 = -o + 4*x + 16, 1 = -4*x - 3. What is the tens digit of w(o)?
2
Let s(g) = g**2 - 11*g + 28. Let f be s(8). Suppose -d - 12 = -3*k, 0*k = 3*k + f*d + 3. What is the tens digit of (-1)/k - 4820/(-60)?
8
Let q(f) = -4 + 4*f - 2 - 6. Suppose j + 4*j - 58 = -4*t, 0 = -3*t + 4*j + 28. What is the units digit of q(t)?
6
Let d be 8/32*12 - (-1 + 6). What is the hundreds digit of (10/15*-705)/(1*d)?
2
Suppose 11 = 3*j + 5. Suppose -5*a = x - 425 - 394, -324 = -j*a - 4*x. What is the units digit of a?
4
Let g be 6504/33 + (-4)/44. Let t = g - -17. What is the units digit of t?
4
Let q be -3*(-14)/7 - -1. Suppose -q*a = -3163 - 876. What is the tens digit of a?
7
Let x = -251 + 250. What is the units digit of (360 - x) + (1 - 4)?
8
Let k = 5981 + -3321. What is the tens digit of k?
6
Let v = -118 + 118. Suppose v = 3*t + a - 317, -2*t + 10*a - 5*a = -200. What is the hundreds digit of t?
1
Let v(t) = 3*t**2 + 4*t - 3. Let h be v(-3). Suppose -3*f = f - h. Suppose -5*w + f*o = 23 - 213, w - 38 = -o. What is the tens digit of w?
3
Suppose -2*k - 3*i + 136322 = 0, 43*k + 204505 = 46*k - i. What is the tens digit of k?
6
What is the units digit of (-23182 - 56)*4/(-18)?
4
Suppose 29*m - 8976 = 27*m + 5*b, 3*m = 2*b + 13442. What is the thousands digit of m?
4
Let z = 132 - 156. Let d(b) = b**3 + 25*b**2 + 12*b - 41. What is the units digit of d(z)?
7
Let w(t) = 83*t + 135. What is the hundreds digit of w(2)?
3
Let v(r) = 64*r**2 - 21*r + 165. What is the hundreds digit of v(9)?
1
Suppose -4576*t = -4619*t + 32293. What is the units digit of t?
1
Let f be ((-5 - -3) + 5)/1. Let b(y) = y**2 + y - 6. Let i be b(f). Suppose -240 = -2*w - i*w. What is the tens digit of w?
3
Let d(f) = -2*f**2 + 13*f + 88. Let i be d(-5). What is the tens digit of 202 - (-9)/(i/12) - -2?
0
Suppose -5*n = -11 - 19. Let i be 3/(-21) - (3250/(-14) - 9). Suppose 0 = n*v - 641 - i. What is the hundreds digit of v?
1
Let b(j) = -j**2 - 5*j + 8. Let w be b(-6). Suppose 0 = t - w*t + 20. Suppose 3*s - 4*x - 16 = -5*x, -t = -2*s - 3*x. What is the units digit of s?
4
Let n be (1/((-7)/2))/(29/203). What is the units digit of 6/n - 1228/(-4)?
4
Let m = -13 + 13. Suppose 5*h + 5*j = 185, -5*h + 4*j = -m*h - 194. Suppose -3*v + h = -28. What is the units digit of v?
2
What is the units digit of (-6)/(-240)*10 + 10527/4?
2
Let r(y) = -14810*y**3 - 46*y - 45. What is the tens digit of r(-1)?
1
Suppose 0 = 49*x - 1891807 + 723549. What is the ten thousands digit of x?
2
Suppose 3*w - 5*i - 10666 = 0, 0 = -4*w - 20*i + 15*i + 14128. What is the hundreds digit of w?
5
Let g(y) = 833*y - 1245. What is the hundreds digit of g(5)?
9
Suppose -11*x + 2265 + 249219 = -162875. What is the hundreds digit of x?
6
Suppose -10*m - 2*j = -11*m + 631, 5*m + 3*j - 3103 = 0. What is the hundreds digit of m?
6
Suppose 6*h = 3*h + 63. Let i = h + -21. Suppose c - 92 - 6 = i. What is the units digit of c?
8
Suppose 1136 = 12*u + 4*h, -8*u + 3*h - 100 = -9*u. What is the units digit of u?
4
Let z be -4 - (12/(-20) + 3/5). Let x be (-44)/z - (-1)/2*-4. Suppose x*q - 124 - 434 = 0. What is the tens digit of q?
6
What is the thousands digit of 55/(-11)*(2 - 3) + 213862/22?
9
Let v(w) = -w. Let m be v(-2). Let x(i) = 107*i. Let h be x(m). Suppose 22 = 4*f - h. What is the units digit of f?
9
Suppose 5*j - 2*p - 3 = -25, 2*j = 3*p. Let d(h) = h**3 + 7*h**2 + h + 41. What is the units digit of d(j)?
1
Let k be -66*(5 + -3) + (-12)/4. Let p = 267 - k. What is the units digit of p?
2
What is the hundreds digit of (0 - (-55)/(-11)) + 4 - -22203?
2
Let q = -99 + 100. Let t(d) = 36*d**3 + d**2 + d - 2. Let o be t(q). Let v = 41 - o. What is the units digit of v?
5
Let a be 2/(-1*2/(-328)). Let p = a + -138. What is the units digit of p?
0
Let z = 1854 + 902. What is the hundreds digit of z?
7
Suppose -3*x + 5*z + 64814 - 5455 = 0, 39566 = 2*x - 5*z. What is the units digit of x?
3
Let d = 399 - 399. Suppose d = -12*z + 16*z - 2536. What is the hundreds digit of z?
6
Let j be (-5)/10 - -2 -